k(g). Suppose 0*u - 4*u + 16 = a. What is the units digit of u?
4
Let i(m) = 10*m + 34*m + 69*m + 1 - 9*m. What is the hundreds digit of i(1)?
1
Let t = -17 + 21. What is the units digit of t/(3/1*6/153)?
4
Let t be (-11 + 13)*-3*5/(-6). Suppose 0*c + 80 = 5*f + 2*c, t*f = 2*c + 60. What is the tens digit of f?
1
Let u = -3 - -7. Suppose -4*m + 3*m = -3*z - 19, -3*m = 2*z - 2. Suppose m*i = -2*r - 4, 0 = r - i - u*i - 33. What is the units digit of r?
8
Let o = 68 - 139. Let r = 272 + o. Suppose 2*s = 5*s - r. What is the tens digit of s?
6
Let j be 3/(-2)*80/(-15). Suppose -j = -2*i, 4*p + 27 - 307 = -3*i. What is the tens digit of p?
6
Let z = 26 - 29. Let c(m) = -21*m - 2. What is the units digit of c(z)?
1
Let t(h) = -h**2 - 10*h + 13. Let o be t(-11). Let b be o*8 + 8/(-8). What is the units digit of (-3*3)/(b/(-10))?
6
Suppose -3*i + 420 = -11*b + 12*b, 0 = 4*b + 2*i - 1730. What is the hundreds digit of b?
4
Suppose 11552 - 184 = 14*d. Suppose 4*g = -3*m + d, 5*g - 671 = -3*m + 341. What is the tens digit of g?
0
Suppose 9 + 28 = 4*j + 5*q, 1 = -3*j + 2*q. Suppose 5*b - 2*b + 2*u = -7, 0 = b + j*u + 7. What is the tens digit of (b/(-2))/(6/144)?
1
Let k = 3890 + -2179. What is the thousands digit of k?
1
Suppose y = 3*y. Suppose y = 3*r - r - 4. Suppose 0*n + 14 = r*n. What is the units digit of n?
7
Let j(c) = -8*c + 37. Let h be j(4). Suppose 5*w - 346 - 641 = -3*g, -h*g - 203 = -w. What is the hundreds digit of w?
1
Let n(i) = 6 - 2*i + 17 - 6. What is the units digit of n(-12)?
1
Let s = -2 + 10. Suppose -4*y - s = -0*y. What is the tens digit of y - 1 - (-54)/3?
1
Let k(z) = 7*z - 2. Let o be k(0). Let s = o - -20. What is the tens digit of s?
1
Suppose 5*c - 2*b - 3*b - 375 = 0, c - 3*b - 73 = 0. Suppose c + 48 = 2*j. Suppose j = 4*x - 114. What is the tens digit of x?
4
Suppose -3*z = -5*z + 6. Suppose 0 = -z*i + 31 - 1. Suppose 2*n = 4*r + 20, -2*n - 4*r = -i - 2. What is the units digit of n?
8
Let c = -9 + 9. Let l be c/(6*2/6). Suppose l = -3*t - 4*d + 93, -2*t + t - 4*d + 31 = 0. What is the tens digit of t?
3
Suppose -3*f - 2*v - 2*v + 22 = 0, -2*f = 2*v - 12. Suppose -f*m + z - 137 = 0, -m + 4*z = -21 + 72. Let x = 100 + m. What is the tens digit of x?
2
Suppose -76*a = -72*a - 1708. What is the hundreds digit of a?
4
What is the tens digit of -54*(56/12)/(-7)*6?
1
Let s(o) be the first derivative of o**4/4 - 16*o**3/3 - 5*o**2 + 12*o - 20. What is the units digit of s(17)?
1
Suppose -14*f - 504 = -5*f. Let j be ((-28)/8)/(2/20). Let r = j - f. What is the units digit of r?
1
Let u = 1221 - 769. What is the tens digit of u?
5
Suppose z = 7 - 2. Suppose z*q - 194 - 286 = 0. What is the tens digit of q?
9
Suppose -3*g + 199 = 2*q, 0 = 5*q - 12*g + 7*g - 435. What is the units digit of q?
2
Let a(p) = p**3 - 6*p**2 - 6*p - 7. Let m be a(7). Suppose 12 = 3*b - m. Suppose 4*o - 3*t - 82 = -o, t = -b. What is the tens digit of o?
1
Let g = 39 - 39. Suppose 2*u = -4*a + 474, g = 2*a - 4*u + 27 - 269. What is the units digit of a?
9
Let x(y) = y**2 + 10*y + 11. Let i = 1 - 14. What is the tens digit of x(i)?
5
Suppose -4 + 2 = 2*g, 4*g - 11 = -f. Let z be (3*1)/(f/20). Suppose 19 + 61 = 4*y - 4*q, z*y = 5*q + 77. What is the tens digit of y?
2
Let s(g) = -g**3 + 18*g**2 - 40*g - 16. What is the hundreds digit of s(12)?
3
Let g be ((-44)/(-8) - 1)*2. Let v = g + -7. Suppose -4*h + 106 = 2*f, -4*h + 43 = -v*h + 3*f. What is the units digit of h?
9
Let x = 279 - -65. What is the hundreds digit of x?
3
Let m(r) = 5 - 1 - 3*r**2 - 7*r**3 - 3*r**3 + 3*r - 2*r. Suppose -2*w - 2 - 2 = 0. What is the units digit of m(w)?
0
Let n(u) = 217*u + 29. Let i be n(5). Suppose -5*r = -i + 89. What is the tens digit of r?
0
Suppose 11*s - 201 = 129. Suppose 5*j = s + 185. What is the units digit of j?
3
Suppose l - 134 = 129. What is the tens digit of l?
6
Let x = 737 + -325. Let z = x + -288. What is the tens digit of z?
2
Let p be (6/(-8))/((-9)/972). Let g = 48 - p. Let l = g + 74. What is the tens digit of l?
4
Suppose -g - 5*m = -1342, 4*g - 5437 = 12*m - 9*m. What is the tens digit of g?
5
Let q = -4 + 3. Let k(s) = -2*s**3 + 2*s**2 - 1. Let c be k(q). Suppose c*l = 5*x - 41, -x + 0*x = -5*l - 17. What is the units digit of x?
7
Let o(p) = -27*p + 5. What is the units digit of o(-20)?
5
Let z(u) = -u**2 - 22*u + 5913. What is the hundreds digit of z(0)?
9
Let o(i) be the third derivative of i**4/24 + i**3/3 + 4*i**2. Let q be o(0). Let g = 8 + q. What is the units digit of g?
0
Suppose 7 = t - 0*t. Suppose 0 = -t*v + 5*v + 4. Suppose 5 = d + 4*r, 0*d = v*d + r - 10. What is the units digit of d?
5
Let b be 4/10 - 16/40. Suppose 8*o + b*o - 776 = 0. What is the units digit of o?
7
Suppose -74 = -6*z - 44. Let s(m) = 5*m**2 + 14*m - 12. What is the hundreds digit of s(z)?
1
Suppose 3 = 2*g - 11. Let p(q) = -q**3 + 7*q**2 + 9*q - 16. What is the units digit of p(g)?
7
What is the tens digit of (-6 + 2914)/2 - -5?
5
Let q = -244 + 692. What is the tens digit of q?
4
Let a = -183 - -385. What is the hundreds digit of a?
2
Let v(m) = 65 - m + 2*m - 45 + m**3. What is the tens digit of v(0)?
2
Let q = 22 - 18. Let c(l) = -l**2 - 1. Let w(n) = 4*n**2 + n + 1. Let x(m) = -5*c(m) - w(m). What is the units digit of x(q)?
6
Let r(d) = -16 + 2*d + 5*d + 4. Let x be (-81)/(-15) - (-4)/(-10). What is the tens digit of r(x)?
2
Let m be -3 + ((-6)/(-10) - 135/(-25)). Suppose m*f - 24 = 5*b + 105, -b = -5*f + 237. What is the units digit of f?
8
Let r = -871 - -2205. What is the thousands digit of r?
1
Let t = -982 - -1294. What is the tens digit of t?
1
Let r be ((-16)/(-20))/(2/1535). Let s = r + -340. What is the tens digit of s?
7
What is the tens digit of 23850/(-12)*36/(-45)?
9
Let c = 524 + 4780. Let x = -1194 + c. What is the tens digit of x/70 + (-4)/(-14)?
5
Suppose 11*y + 488 = 3*y. Let a = y + 111. What is the units digit of a?
0
Let f = 174 + 80. What is the units digit of f?
4
Suppose -n + 4*u + 162 = -1043, -5*n - u + 5962 = 0. What is the tens digit of n?
9
Let r be (-14)/(-3) + (-18)/27. Suppose 61 = r*k + 5. What is the tens digit of k?
1
Let h be (0/2 - 0)/(-1). Let p be (4 - (3 - -2))/((-1)/2). Suppose n - p*n = h, -66 = -3*i + 4*n. What is the tens digit of i?
2
Suppose 0 = -32*t + 15297 + 7359. What is the tens digit of t?
0
Let h(v) = v**2 - 8*v - 102. What is the units digit of h(19)?
7
Suppose -5*f - 5*y = -735, 0 = 3*f + 3*y - y - 438. What is the units digit of f?
4
Let f(d) = 37*d**3 + 2*d + 1. Let u be f(2). Suppose 0 = -5*p + u + 279. What is the tens digit of p/4*(0 - -1)?
2
Let d = -52 - -71. Suppose -494 + d = -5*m. What is the tens digit of m?
9
Suppose -7*p - 15 = -4*p, 0 = 3*t - 5*p - 1975. What is the tens digit of t?
5
Suppose -4*h + 4*b = -0*h - 4, -h - 2 = 2*b. Suppose -j - j + 8 = h. Suppose 2*r - c - 53 = 0, 2*r + 2*r + j*c = 76. What is the units digit of r?
4
Let y be (0*1/3)/2. Suppose y*u - 5*u = -10. Suppose -u*j - 5 + 29 = 0. What is the units digit of j?
2
Suppose 0 = 4*c + 16, -92*o - 2*c + 10453 = -89*o. What is the hundreds digit of o?
4
Let a = 737 + -731. Let f(o) be the first derivative of -o**3/3 + 13*o**2/2 - 6*o + 1. What is the units digit of f(a)?
6
Let h(y) = 50*y - 358. What is the units digit of h(12)?
2
Let q(r) = -2*r + 4*r + 49 - 34. What is the units digit of q(-5)?
5
Suppose 0 = y - 4*i - 1374, -2*y = 2*y + 3*i - 5496. What is the units digit of y?
4
Let x = -944 + 1735. What is the units digit of x?
1
Let n = -104 + 367. Suppose n = 4*i - 61. What is the tens digit of i?
8
Suppose g = -4*p + 28, 0 = -0*p + 3*p - 15. Suppose g = -3*h + 14. Suppose -h*q + 0*q + 75 = 3*b, 100 = 4*b + 3*q. What is the tens digit of b?
2
Let z(r) = -2*r**3 + 37*r**2 - 8*r + 78. What is the hundreds digit of z(16)?
2
Suppose 5 = -0*l + l. Let n(j) = 5*j + 9. What is the tens digit of n(l)?
3
Suppose -2 = -o, -k - 4*o = -6*o - 810. What is the units digit of k?
4
Suppose 13*z - 11*z + 40 = 0. Let r be (z/5 - -6) + -152. Let l = -98 - r. What is the units digit of l?
2
Let t = 5 + 7. Let x be -8 - 24/(-4) - -15. Suppose 31 = -t*g + x*g. What is the units digit of g?
1
Let i(r) = r**3 - 25*r**2 + 125*r - 47. What is the thousands digit of i(24)?
2
Suppose -58*b + 21*b + 12506 = 0. What is the hundreds digit of b?
